isor of g and 99.
9
Let p(f) = f - 8. Let l be p(8). Suppose -5*g + 3 + 12 = l. What is the highest common factor of 2 and g?
1
Let a(m) = 8*m**2 - m. Let h be a(1). Let v be 1 - 2*(4 + -21). Calculate the greatest common factor of h and v.
7
Let t(y) be the second derivative of y**3/2 - 4*y. Let i be t(4). Calculate the greatest common divisor of 30 and i.
6
Let c(q) = -16*q - 41. Let t be c(-3). Let b be (0 + 7)*(9 + 2). What is the highest common factor of t and b?
7
Let c = 89 + -59. What is the greatest common divisor of 330 and c?
30
Suppose 116 = 24*f + 20. Suppose 0 = 4*m - 1 - 23. Calculate the highest common factor of m and f.
2
Let l(t) = 10*t + 0*t - 2*t - 10. Let d be l(8). What is the greatest common divisor of d and 6?
6
Suppose -2*j + 92 = 3*j - 2*z, -5*z - 40 = -3*j. What is the highest common factor of j and 60?
20
Let u = 21 + -5. Calculate the highest common factor of u and 32.
16
Let i = 31 + 14. Calculate the greatest common divisor of i and 30.
15
Let s = -37 - -58. Let d(m) = 3*m**2 + m - 2. Let j be d(-4). Calculate the greatest common divisor of j and s.
21
Let s(q) = 3*q**3 - q**2 - q + 1. Let y be s(1). Let n be (14/(-5))/(y/(-160)). What is the greatest common factor of 28 and n?
28
Let h be (-76)/6*(-27)/18. Calculate the highest common divisor of 19 and h.
19
Let z be (24/5)/(3/20). Suppose 5*a + 6 = 6*a - d, -5*a = -d - 22. Calculate the greatest common divisor of z and a.
4
Let g = -2 + 5. Suppose g - 1 = m. What is the highest common divisor of m and 5?
1
Let m(k) = 2*k**2 - 3*k - 1. Let a be m(-5). What is the greatest common factor of a and 16?
16
Let q be -2*(3 - (-15)/(-6)). Let o be -13*((2 - 2) + q). Calculate the highest common divisor of o and 143.
13
Suppose x - 40 = 175. Suppose -115 = -3*c + x. What is the greatest common factor of 10 and c?
10
Suppose -3*x - 60 = -a, -4*x = -a + x + 68. What is the highest common factor of 32 and a?
16
Let c(u) = -9*u**3 - 4*u**2 - u. Let y be c(-3). Suppose 0*n - y = -2*n. What is the highest common divisor of n and 15?
15
Suppose m + 2*g = 3*g + 29, 26 = m + 2*g. Suppose -2*h = 3*d - 23, 4*d - 14 - 6 = 0. What is the greatest common divisor of h and m?
4
Let u = 44 - 19. Suppose -l = y - 16, 16 = l + 3*y - 0*y. Let o = l - 11. What is the highest common divisor of u and o?
5
Let j(b) = 6*b**2 + 2*b + 1. Let i be j(-1). Suppose 2*a + 3*t = -2*t + 51, -i*t + 15 = 0. Calculate the highest common factor of 72 and a.
18
Let u = 5 + -8. Suppose -2*l - 3 + 5 = 0. Let m = l - u. What is the highest common divisor of m and 1?
1
Let p(x) = 2*x + 1. Let j = -10 - -11. Let d be p(j). What is the highest common factor of d and 33?
3
Let v = -31 - -27. Let d = 6 + v. What is the greatest common factor of 1 and d?
1
Let d = 11 - -4. Suppose -d - 9 = -m. What is the highest common factor of 12 and m?
12
Let i(l) = -l**3 + 2*l**2 + 8*l + 8. Let w be i(-5). What is the highest common factor of w and 13?
13
Let x(y) be the first derivative of 8*y**2 - 10. Let k be x(10). Let c = -5 - -25. What is the highest common factor of k and c?
20
Suppose 5*g + 21 = 8*g. Calculate the highest common divisor of g and 21.
7
Let f be 212/26 - (-30)/(-195). Calculate the greatest common divisor of 152 and f.
8
Suppose 36 = 4*n - n - 3*a, -4*a = 4*n - 16. What is the highest common divisor of 56 and n?
8
Suppose -4*i - 5*l + 433 + 132 = 0, -l + 1 = 0. Suppose 3*z - 17 = 4*v + 171, 4*z + 3*v = 209. What is the greatest common divisor of z and i?
28
Let h(f) = -2*f + 20. Let k be h(7). What is the highest common factor of k and 24?
6
Suppose t + 2*p = 2*t - 12, 2*p - 48 = -5*t. Let z be (4/(-5))/((-10)/625). What is the highest common factor of z and t?
10
Let c = 2 + -2. Suppose -2*t + c*t + 72 = 0. Suppose 0*x - 36 = -3*x. Calculate the highest common factor of x and t.
12
Suppose -3*h + 8*h = 20. Let n be 18292/16 - 1/h. Let t be n/12 + (-6)/(-8). Calculate the highest common factor of 12 and t.
12
Suppose 0 = -4*s - 3*j + 33 - 5, -5*j = 4*s - 20. Let l = s + -7. Suppose 0*i - 33 = -l*i. What is the greatest common factor of 44 and i?
11
Let o = -16 - -25. Suppose 3*w = 21 + o. Let d = 257 + -147. Calculate the highest common factor of d and w.
10
Let s = 0 + 1. Let o(p) = -7 + 5*p**2 - 3*p**3 - 8*p - p + 4*p**3. Let d be o(-6). Calculate the highest common divisor of d and s.
1
Suppose 2*v - 144 = -2*v + 4*u, 0 = -5*v - 5*u + 200. Calculate the greatest common divisor of 57 and v.
19
Let f(g) be the first derivative of g**2/2 + 3*g + 1. Let q be f(7). Let y be 485/q + 2/4. What is the highest common factor of 7 and y?
7
Suppose 94 = 5*w - 126. Suppose w = -2*t + 4*t. Calculate the highest common factor of 44 and t.
22
Suppose -4*j = -4*i + 8, 0*i = -3*i + j + 6. What is the highest common divisor of 8 and i?
2
Suppose -5*y = -2*i - 1225, 1235 = 5*y + 3*i - 7*i. Calculate the highest common divisor of y and 27.
27
Let u be (-4 + -1)*(-72)/15. Suppose 0 = -4*j + 1 + 7. Suppose 6*n - 24 = j*n. What is the greatest common divisor of u and n?
6
Let k(x) = x**2 - x + 24. Let p be k(0). What is the greatest common divisor of 72 and p?
24
Let q(x) = 2*x**2 - 2*x - 4. Let s be q(3). Let i(c) = -20*c + 24. Let o be i(1). What is the greatest common divisor of o and s?
4
Suppose -2*t - 132 = -z, 4*z + 4*t + 159 = 663. Let u = -23 + 39. What is the highest common divisor of u and z?
16
Let y = -29 - -49. Calculate the greatest common factor of y and 30.
10
Let s = 13 + -10. Let f be -2*(0/2 + -1). Suppose -s*v = f*v - 175. Calculate the highest common divisor of v and 7.
7
Suppose -21 = -h + 21. Let q = -14 - -42. What is the greatest common divisor of q and h?
14
Let h be 4/(-16)*-10*2. Suppose -6 = -3*g - 3*t, -3*g - 1 = t - 13. Suppose g*v + 5 = h*p, -3*p + 0*p = -6. Calculate the highest common divisor of 1 and v.
1
Let d be (-162)/(-12)*16/6. What is the highest common factor of d and 90?
18
Let k = -19 + 21. Suppose -k*t + 23 - 17 = 0. Calculate the greatest common factor of 15 and t.
3
Suppose -4*m = -a - 473, m + 4*a - 114 = -17. What is the greatest common divisor of m and 13?
13
Let w be 1/(-2)*-2*155. Suppose -5*q = -4*j - 100 - 80, -w = -4*q + j. Let k = q + -19. Calculate the highest common divisor of 14 and k.
7
Let f = 99 - 66. Calculate the highest common factor of 3 and f.
3
Suppose -i + 5 = -2*t, -3*t = -5*i - 0*i + 4. Let d(h) = -21*h - 1. Let x be d(i). Suppose f - 120 = -2*f. Calculate the highest common divisor of x and f.
20
Let i be 2/((1 + 0)/(-1)). Let j be i/9 - 56/(-9). Let l(x) = x + 1. Let v be l(j). What is the greatest common factor of v and 63?
7
Suppose 4*x = -x + 20. Suppose x*r - 25 = -r. Suppose 3*q - 186 = -3*l, 4*q + r*l - 196 = 50. Calculate the greatest common factor of 8 and q.
8
Let q = 8 - -14. Calculate the highest common factor of q and 55.
11
Let u be 6402/55 - 3/(-5). What is the greatest common divisor of 13 and u?
13
Suppose -5*d + 2*y = -6*d + 199, -619 = -3*d + 5*y. Calculate the greatest common divisor of 29 and d.
29
Let t be ((-160)/30)/(4/(-6)). Calculate the highest common factor of 1 and t.
1
Suppose 5*h - 6 - 24 = 0. What is the highest common divisor of 9 and h?
3
Suppose -h + 18 = -24. Calculate the greatest common factor of h and 21.
21
Let t be (11/(-2) - -4)*-118. What is the highest common divisor of 118 and t?
59
Let n(r) = -5*r + 5. Let t be n(-3). Let b be (312/t)/((-4)/(-30)). Calculate the greatest common factor of b and 13.
13
Let c(m) = -m**2 + 9*m + 68. Let d be c(13). Suppose 0*q + 5*l = -2*q + 68, 0 = q + 3*l - 36. Calculate the highest common factor of q and d.
8
Suppose -3*f = f + 640. Suppose 5*s = 3*j - 362, 4*s - 4*j + 2*j + 288 = 0. Let m = s - f. What is the highest common factor of 36 and m?
18
Let d(x) = x - 15. Let s be d(19). What is the greatest common divisor of s and 1?
1
Suppose -2*o = -3*g - 0*o - 5, 3*o = -g - 20. Let c be ((-48)/(3 + g))/(-1). Let l be (-438)/c - (-1)/(-4). What is the highest common factor of l and 72?
18
Suppose 3*u - m + 19 = 4*u, -4 = -m. Let z(r) = 45*r**3 - r**2 + 1. Let f be z(1). Calculate the highest common factor of u and f.
15
Let i = -10 - -18. Let l(b) = -b**2 + 7*b - 2. Let k be l(6). Suppose 0*j + q + 41 = 3*j, 4*q = k*j - 68. Calculate the greatest common factor of i and j.
4
Le